{"id":2051,"date":"2018-05-23T10:23:17","date_gmt":"2018-05-23T10:23:17","guid":{"rendered":"http:\/\/www.semh2022.com\/?page_id=2051"},"modified":"2021-07-08T12:18:22","modified_gmt":"2021-07-08T12:18:22","slug":"inscripciones-2-3","status":"publish","type":"page","link":"http:\/\/www.semh2022.com\/?page_id=2051","title":{"rendered":"C\u00f3digos de Trabajo"},"content":{"rendered":"<p><!--themify_builder_static--><\/p>\n<h2>C\u00f3digos de Trabajos<\/h2>\n<p>Descarga el listado de C\u00f3digos de Trabajos definitivos haciendo click <a href=\"http:\/\/www.semh2022.com\/wp-content\/uploads\/2018\/05\/Listado_Trabajos_Sesiones.pdf\" target=\"_blank\" rel=\"noopener\">aqu\u00ed<\/a><\/p>\n<p>[pdf-embedder url=\u00bbhttp:\/\/www.semh2022.com\/wp-content\/uploads\/2018\/05\/Listado_Trabajos_Sesiones.pdf\u00bb]<\/p>\n<hr \/>\n<p style=\"text-align: left;\"><strong>ORGANIZA:<\/strong><\/p>\n<table>\n<tbody>\n<tr>\n<td><a href=\"http:\/\/cicytex.juntaex.es\" target=\"_blank\" rel=\"noopener\"><img decoding=\"async\" loading=\"lazy\" src=\"http:\/\/www.semh2022.com\/wp-content\/uploads\/2018\/02\/o1.jpg\" alt=\"\" width=\"459\" height=\"192\" srcset=\"http:\/\/www.semh2022.com\/wp-content\/uploads\/2018\/02\/o1.jpg 459w, http:\/\/www.semh2022.com\/wp-content\/uploads\/2018\/02\/o1-300x125.jpg 300w\" sizes=\"(max-width: 459px) 100vw, 459px\" \/><\/a><\/td>\n<td><a href=\"https:\/\/www.unex.es\/\" target=\"_blank\" rel=\"noopener\"><img decoding=\"async\" loading=\"lazy\" src=\"http:\/\/www.semh2022.com\/wp-content\/uploads\/2018\/02\/o2.jpg\" alt=\"\" width=\"156\" height=\"192\" \/><\/a><\/td>\n<td><a href=\"http:\/\/www.juntaex.es\/con02\/\" target=\"_blank\" rel=\"noopener\"><img decoding=\"async\" loading=\"lazy\" src=\"http:\/\/www.semh2022.com\/wp-content\/uploads\/2018\/02\/o3.jpg\" alt=\"\" width=\"411\" height=\"192\" srcset=\"http:\/\/www.semh2022.com\/wp-content\/uploads\/2018\/02\/o3.jpg 411w, http:\/\/www.semh2022.com\/wp-content\/uploads\/2018\/02\/o3-300x140.jpg 300w\" sizes=\"(max-width: 411px) 100vw, 411px\" \/><\/a><\/td>\n<td><a href=\"http:\/\/www.sech.info\/\" target=\"_blank\" rel=\"noopener\"><img decoding=\"async\" loading=\"lazy\" src=\"http:\/\/www.semh2022.com\/wp-content\/uploads\/2018\/02\/04.jpg\" alt=\"\" width=\"291\" height=\"192\" \/><\/a><\/td>\n<td><a href=\"http:\/\/www.aphorticultura.pt\/\" target=\"_blank\" rel=\"noopener\"><img decoding=\"async\" loading=\"lazy\" src=\"http:\/\/www.semh2022.com\/wp-content\/uploads\/2018\/02\/o5.jpg\" alt=\"\" width=\"361\" height=\"192\" srcset=\"http:\/\/www.semh2022.com\/wp-content\/uploads\/2018\/02\/o5.jpg 361w, http:\/\/www.semh2022.com\/wp-content\/uploads\/2018\/02\/o5-300x160.jpg 300w\" sizes=\"(max-width: 361px) 100vw, 361px\" \/><\/a><\/td>\n<\/tr>\n<tr>\n<td colspan=\"3\" valign=\"top\"> <a href=\"https:\/\/www.isa.ulisboa.pt\/\" target=\"_blank\" rel=\"noopener\"><img decoding=\"async\" loading=\"lazy\" src=\"http:\/\/www.semh2022.com\/wp-content\/uploads\/2018\/03\/logo_ISA_Freshness.png\" alt=\"\" width=\"359\" height=\"85\" srcset=\"http:\/\/www.semh2022.com\/wp-content\/uploads\/2018\/03\/logo_ISA_Freshness.png 2324w, http:\/\/www.semh2022.com\/wp-content\/uploads\/2018\/03\/logo_ISA_Freshness-300x71.png 300w, http:\/\/www.semh2022.com\/wp-content\/uploads\/2018\/03\/logo_ISA_Freshness-768x182.png 768w, http:\/\/www.semh2022.com\/wp-content\/uploads\/2018\/03\/logo_ISA_Freshness-1024x242.png 1024w\" sizes=\"(max-width: 359px) 100vw, 359px\" \/><\/a><\/td>\n<td colspan=\"3\" valign=\"top\"> <a href=\"http:\/\/www.icaam.uevora.pt\/\" target=\"_blank\" rel=\"noopener\"><img decoding=\"async\" loading=\"lazy\" src=\"http:\/\/www.semh2022.com\/wp-content\/uploads\/2018\/03\/logo_icaam.png\" alt=\"\" width=\"197\" height=\"85\" srcset=\"http:\/\/www.semh2022.com\/wp-content\/uploads\/2018\/03\/logo_icaam.png 640w, http:\/\/www.semh2022.com\/wp-content\/uploads\/2018\/03\/logo_icaam-300x130.png 300w\" sizes=\"(max-width: 197px) 100vw, 197px\" \/><\/a><\/td>\n<\/tr>\n<\/tbody>\n<\/table>\n<p style=\"text-align: left;\"><strong>COLABORA:<\/strong><\/p>\n<table>\n<tbody>\n<tr>\n<td><a href=\"http:\/\/www.afruex.com\/es\/\" target=\"_blank\" rel=\"noopener\"><img decoding=\"async\" loading=\"lazy\" src=\"http:\/\/www.semh2022.com\/wp-content\/uploads\/2018\/02\/c3.jpg\" alt=\"\" width=\"258\" height=\"162\" \/><\/a><\/td>\n<td><a href=\"https:\/\/cerezadeljerte.org\/\" target=\"_blank\" rel=\"noopener\"><img decoding=\"async\" loading=\"lazy\" src=\"http:\/\/www.semh2022.com\/wp-content\/uploads\/2018\/02\/c4.jpg\" alt=\"\" width=\"355\" height=\"162\" srcset=\"http:\/\/www.semh2022.com\/wp-content\/uploads\/2018\/02\/c4.jpg 355w, http:\/\/www.semh2022.com\/wp-content\/uploads\/2018\/02\/c4-300x137.jpg 300w\" sizes=\"(max-width: 355px) 100vw, 355px\" \/><\/a><\/td>\n<td><a href=\"http:\/\/www.interempresas.net\/Horticola\/Articulos\/Actualidad\/\" target=\"_blank\" rel=\"noopener\"><img decoding=\"async\" loading=\"lazy\" src=\"http:\/\/www.semh2022.com\/wp-content\/uploads\/2018\/02\/c1.jpg\" alt=\"\" width=\"377\" height=\"162\" srcset=\"http:\/\/www.semh2022.com\/wp-content\/uploads\/2018\/02\/c1.jpg 377w, http:\/\/www.semh2022.com\/wp-content\/uploads\/2018\/02\/c1-300x129.jpg 300w\" sizes=\"(max-width: 377px) 100vw, 377px\" \/><\/a><\/td>\n<td><a href=\"http:\/\/www.poscosecha.com\/\" target=\"_blank\" rel=\"noopener\"><img decoding=\"async\" loading=\"lazy\" src=\"http:\/\/www.semh2022.com\/wp-content\/uploads\/2018\/02\/c2.jpg\" alt=\"\" width=\"333\" height=\"162\" srcset=\"http:\/\/www.semh2022.com\/wp-content\/uploads\/2018\/02\/c2.jpg 333w, http:\/\/www.semh2022.com\/wp-content\/uploads\/2018\/02\/c2-300x146.jpg 300w\" sizes=\"(max-width: 333px) 100vw, 333px\" \/><\/a><\/td>\n<td><a href=\"http:\/\/www.fundecyt-pctex.es\"><img decoding=\"async\" loading=\"lazy\" src=\"http:\/\/www.semh2022.com\/wp-content\/uploads\/2018\/02\/c5.jpg\" alt=\"\" width=\"309\" height=\"162\" srcset=\"http:\/\/www.semh2022.com\/wp-content\/uploads\/2018\/02\/c5.jpg 309w, http:\/\/www.semh2022.com\/wp-content\/uploads\/2018\/02\/c5-300x157.jpg 300w\" sizes=\"(max-width: 309px) 100vw, 309px\" \/><\/a><\/td>\n<\/tr>\n<\/tbody>\n<\/table>\n<hr \/>\n<p><!--\/themify_builder_static--><\/p>\n","protected":false},"excerpt":{"rendered":"<p>C\u00f3digos de Trabajos Descarga el listado de C\u00f3digos de Trabajos definitivos haciendo click aqu\u00ed [pdf-embedder url=\u00bbhttp:\/\/www.semh2022.com\/wp-content\/uploads\/2018\/05\/Listado_Trabajos_Sesiones.pdf\u00bb] ORGANIZA: COLABORA:<\/p>\n","protected":false},"author":134,"featured_media":0,"parent":0,"menu_order":0,"comment_status":"closed","ping_status":"open","template":"","meta":{"_et_pb_use_builder":"","_et_pb_old_content":"","_et_gb_content_width":"","footnotes":""},"class_list":["post-2051","page","type-page","status-publish","hentry"],"_links":{"self":[{"href":"http:\/\/www.semh2022.com\/index.php?rest_route=\/wp\/v2\/pages\/2051","targetHints":{"allow":["GET"]}}],"collection":[{"href":"http:\/\/www.semh2022.com\/index.php?rest_route=\/wp\/v2\/pages"}],"about":[{"href":"http:\/\/www.semh2022.com\/index.php?rest_route=\/wp\/v2\/types\/page"}],"author":[{"embeddable":true,"href":"http:\/\/www.semh2022.com\/index.php?rest_route=\/wp\/v2\/users\/134"}],"replies":[{"embeddable":true,"href":"http:\/\/www.semh2022.com\/index.php?rest_route=%2Fwp%2Fv2%2Fcomments&post=2051"}],"version-history":[{"count":13,"href":"http:\/\/www.semh2022.com\/index.php?rest_route=\/wp\/v2\/pages\/2051\/revisions"}],"predecessor-version":[{"id":2205,"href":"http:\/\/www.semh2022.com\/index.php?rest_route=\/wp\/v2\/pages\/2051\/revisions\/2205"}],"wp:attachment":[{"href":"http:\/\/www.semh2022.com\/index.php?rest_route=%2Fwp%2Fv2%2Fmedia&parent=2051"}],"curies":[{"name":"wp","href":"https:\/\/api.w.org\/{rel}","templated":true}]}}